209. What is the tens digit of f?
7
Let d = -72 + 75. Suppose -5*y = -d*f - 104 + 313, -y = 4*f - 317. What is the units digit of f?
8
Let z = 32231 - 17590. What is the ten thousands digit of z?
1
Suppose -5*v = -2*b + 127344, 131*v - 126*v - 1082139 = -17*b. What is the tens digit of b?
5
What is the hundreds digit of (-19 + 9)*5944/(-20)?
9
Let i(j) = -j**3 + 7*j**2 - 3*j + 5. Let c be i(5). Let p(h) = 0*h + c*h**2 - 38*h**2 - 3 + 1 + 2*h. What is the units digit of p(2)?
0
Let q(n) = -523*n + 148. Let b be q(25). What is the tens digit of (4 - 119/28) + b/(-12)?
7
Let o be (-10)/(-2) - (-2227 + (-1 - -7)). Suppose -8*r + o = -r. What is the tens digit of r?
1
Let z = -17341 + 27747. What is the hundreds digit of z?
4
Let r be ((-20935)/(-10) - -5) + 4/(-8). Suppose -6*b - 670 = -r. What is the tens digit of b?
3
Let u(r) = -3*r**3 - 18*r**2 - 3*r + 63. What is the units digit of u(-13)?
1
Suppose -h + 3*f + 2372 = -3*f, 4*f + 4 = 0. What is the thousands digit of h?
2
Suppose 29*k + 3*k = -0*k + 597280. What is the hundreds digit of k?
6
Suppose 4 = 5*g + 4*k - 8, 4*k + 20 = 3*g. Suppose -146 = 4*b - g*d - 54, -d + 71 = -3*b. What is the tens digit of 4/16 + 33/b*-34?
4
Suppose 0*w + 12 = -i - w, -i - 5*w - 12 = 0. Let n(h) = h**2 + 12*h. Let s be n(i). Suppose s = -5*a + 59 + 246. What is the tens digit of a?
6
Suppose 78*z - 603611 = -44*z + 562221. What is the thousands digit of z?
9
Let r = -18463 - -32334. What is the units digit of r?
1
Let g(f) = -1. Let w(v) = -12*v + 5. Let t(i) = 6*g(i) - w(i). Suppose -4*d - 5*s + 73 = 0, 2 = 2*d - 5*s + 3. What is the tens digit of t(d)?
3
Let d = 33 + 30. Let s = -40 + d. Suppose -5*m + 873 - s = 0. What is the tens digit of m?
7
Suppose -7*x + 5*x - 3*o + 460 = 0, 2*x = -4*o + 460. Let m = x - -222. What is the hundreds digit of m?
4
Suppose -2*h + 6069 = c, 3044 + 27356 = 5*c - h. What is the units digit of c?
9
Let w = 3566 - -1547. What is the hundreds digit of w?
1
Let f(q) be the second derivative of 115*q**4/12 + q**3/6 + q**2 - 2*q - 5. What is the units digit of f(-2)?
0
Let p(h) = -10*h - 24. Suppose 4*y = -2*d - y - 32, 0 = 5*d - 5*y + 10. Let q be p(d). What is the tens digit of (0 + (-2)/(-4))*0 + q?
3
What is the units digit of ((-16)/12 + 1)/(8/(-642888)) - 3?
4
Suppose 4*u - 3*f = -1013, -3*f + 198 = 5*u + 1444. Let y = u + 437. What is the units digit of y?
6
Let b(q) = 123*q - 6. Let v be b(4). Suppose -5*f + 7*f - 1167 = -5*z, v = 2*z - 4*f. What is the tens digit of z?
3
Let k be (-2)/5 + (-357)/(-105). Suppose -3*f + 24 - 6 = k*z, -4*z + 30 = -2*f. Suppose -z*x = -209 - 232. What is the tens digit of x?
6
Let u = -373 - -1022. What is the tens digit of u?
4
Let r = -1176 + 2004. Suppose r = -5*a - 2337. What is the hundreds digit of 0 + 1 + 7/((-21)/a)?
2
Suppose -176129 = -5*c - 3*b, 140902 = 80*c - 76*c + 3*b. What is the units digit of c?
7
Let o = -14 - -6. Let w(u) = u**3 - u + 4. Let r(l) = 2*l**3 + 8*l**2 - 5*l + 14. Let y(c) = r(c) - w(c). What is the units digit of y(o)?
2
Let r = -239 - -243. Suppose 0 = -v, r*v + 0*v = -3*j + 732. What is the units digit of j?
4
Let x(d) = 2719*d**3 - 4*d**2 - 2*d + 2. What is the tens digit of x(1)?
1
Suppose -2*f = -m - 2608, 0 = f - m - 1432 + 127. Suppose f = 2*s - 3*u - 539, 3*s + u = 2741. What is the hundreds digit of s?
9
Suppose 2*t - 2584 = 2*s, 5*t - 125*s - 6458 = -122*s. What is the units digit of t + 11 + 32/(-8)?
8
Let x(w) = -w**2 + 9*w - 13. Let b be x(4). Suppose b = 3*r - 32. Suppose 0 = -18*o + r*o + 40. What is the units digit of o?
8
What is the thousands digit of 1 - (-2 + 1) - 11934/(-1)?
1
Suppose -2*d + 61 = -4*r - 83, -2*d + 135 = -r. Let s = 76 - d. Suppose -h + 86 = s. What is the tens digit of h?
7
Let f(i) = 4270*i + 324. What is the ten thousands digit of f(3)?
1
Suppose 6*g = 90 - 30. Suppose 1050 = g*d + 4*d. What is the tens digit of ((-45)/d)/(-2*2/1060)?
5
Let u = -34320 + 49011. What is the tens digit of u?
9
What is the ten thousands digit of 8/(-4)*(-607497)/66?
1
Let v(f) = -f + 12. Let u be v(10). Let p be (27/6 - u/4) + 0. What is the units digit of (-624)/30*(-10)/p?
2
Suppose -39 = -7*i - 200. Let j(a) = -17*a + 190. What is the hundreds digit of j(i)?
5
Let p(t) = 2*t**2 - 4*t + 3. Let j be p(2). Suppose u + 7 = 3*u + j*z, 2*u = 5*z + 15. Suppose x = -u*x + 102. What is the tens digit of x?
1
Suppose 4*p = -4*q + 12, 5*p - 8 = -6*q + 8*q. What is the thousands digit of (-34)/68*(-2588 - p*-1)?
1
Let j be 3/(3/102*2). Suppose -48*s = -j*s + 852. What is the hundreds digit of s?
2
Suppose -3*a = 4*a + 98. Let u = a - -20. What is the hundreds digit of 157 + 9/u*-2?
1
Let z(j) = -3 - 62*j + 64*j - 6. Let q be z(7). Suppose -q*m - 4*c = -3 - 41, m + 2*c = 4. What is the tens digit of m?
1
Suppose 69*m - 338797 - 226658 = 0. What is the units digit of m?
5
Let o(h) = -18*h + 129. Let s be o(7). Suppose -2*v + 2868 - 100 = 3*n, s*v - 4114 = 5*n. What is the units digit of v?
8
Let j be (-4)/6*(-1 - 2/4). Suppose -5*a - 61 = -j. What is the units digit of 52/(-6)*234/a?
9
Let f(b) = b + 14. Let s be f(11). Suppose h + 6*q = 3*q + 18, -s = -5*q. Suppose -h*g + 682 = 8*g. What is the units digit of g?
2
Suppose 13*z + 15 = -11. Let h(m) = 115*m**2 - 3*m - 12. What is the hundreds digit of h(z)?
4
Suppose 26*p = 24*p + 74. Suppose 29*t = p*t - 3128. What is the tens digit of t?
9
Suppose -4*c = -2 - 6. Suppose -5*b - 5 = c*m + 3*m, -b + 11 = -m. What is the units digit of (25/15 + -2)*m?
2
Let r(t) = t**3 + 39*t**2 + 3*t - 191. What is the units digit of r(-28)?
9
Let z(n) be the second derivative of -n**5/20 - 19*n**4/12 + 4*n**3 + 70*n**2 + 112*n. What is the units digit of z(-23)?
4
Let j(g) = 11*g + 285. Let z be j(-11). Let m = -53 + -7. Let o = z + m. What is the units digit of o?
4
Let b = -31075 + 64687. What is the tens digit of b?
1
Let v(y) = -2*y**3 + 2*y**3 - 12*y + 18*y**2 + 1 - 14*y + y**3. Let f be v(-19). Let q = -71 + f. What is the units digit of q?
3
Suppose -208*j = 46*j - 6710426. What is the hundreds digit of j?
4
Let b(v) = 3*v**2 - 43*v + 46. Let i be b(14). Suppose 0 = -29*y + i*y - 2103. What is the units digit of y?
1
What is the tens digit of -3*(-1)/(-4) + 4475133/156 + -57?
2
Let z = -152 + 87. Let n = 70 + z. Suppose 0 = n*y - 5*d - 235, 2*y = -3*d + 106 - 22. What is the tens digit of y?
4
Let q be -2*6*4/60*185. Let i = q - -210. What is the units digit of i?
2
Let h be (-14)/(4/18*-1). Let l = -4 - h. What is the tens digit of l*(15/3)/(-5)?
6
Let v(d) = -2*d**2 + 20*d + 2. Let c be v(10). Suppose -w = c*w - 5*r - 6, 5*w + r = -18. Let i = w - -35. What is the units digit of i?
2
Suppose -6*w + 8 = -4*w, w - 2701 = 3*y. Let s = -140 - y. What is the tens digit of s?
5
Let r = -1556 - -3217. What is the hundreds digit of r?
6
What is the ten thousands digit of 29670 + (-24)/(-3) - (-7 - 4)?
2
Let b be 16/40 - (1 - (-782)/5). Let s(o) = -2*o**2 + 17*o - 54. Let t be s(15). Let f = b - t. What is the tens digit of f?
9
Suppose -5*h - 5 = 0, -3*y + h + 0 = -13. Suppose 0*o - o = t + 3, -y*t - 12 = 5*o. Suppose 5*j = 5*d + 180, -j + o*d + 28 = d. What is the tens digit of j?
3
Suppose -2*l - q = -38883, 127*q = 122*q - 15. What is the hundreds digit of l?
4
Suppose -2*a = -123 - 19. Let m be -1*a/(-2)*4*-4. What is the tens digit of 4/22 - m/22*1?
2
Let h = 11383 + -6364. What is the thousands digit of h?
5
Let a(q) = -2*q**3 - 24*q**2 + 50*q + 162. What is the tens digit of a(-26)?
9
Let s(k) = 644*k + 5303. What is the hundreds digit of s(34)?
1
Let x = -472 - -467. What is the tens digit of 2*x/15*3 - -1332?
3
Let x(n) = -n**3 - 46*n**2 + 62*n + 57. Let t(o) = -23*o**2 + 31*o + 29. Let p(q) = 5*t(q) - 2*x(q). What is the hundreds digit of p(14)?
4
Let n(u) = u**2 + 2*u - 2. Let a be n(4). Let g = a - -400. Let j = g - 234. What is the tens digit of j?
8
Let p(d) = 2*d**2 + 23*d + 724. What is the units digit of p(61)?
9
Let v be (-13)/26 + (-18)/(-4). Suppose -4*y - 3*u = -v, -2*y + u = -2*u - 20. Suppose f - y*f = -213. What is the units digit of f?
1
Let l(q) = q**3 - 2*q**2 + 4*q + 3. Let j be l(0). Suppose 2388 = j*o - 696. What is the hundreds digit of o?
0
Let j be (1 + 0)*(30 - 39). Let b(m) = m**2 + 11*m + 65. What is the units digit of b(j)?
7
Sup